15) to base 4.
112130331302
Convert -21111100012220 (base 3) to base 14.
-7595b8
-110110110011011000010 (base 2) to base 4
-12312123002
What is -1331401124 (base 5) in base 9?
-6333001
Convert 147949 (base 10) to base 4.
210013231
What is 1025460 (base 7) in base 11?
85515
-2814467 (base 9) to base 11
-96597a
Convert 27382 (base 15) to base 3.
20101101112
What is 422bb (base 15) in base 2?
110011001111010100
Convert -2102101222001 (base 3) to base 11.
-7aa263
802325 (base 10) to base 7
6551066
What is -3045170 (base 8) in base 3?
-1111220221012
114224244 (base 5) to base 6
15320512
Convert -507021 (base 10) to base 2.
-1111011110010001101
86743 (base 11) to base 7
1033241
Convert 16be60 (base 16) to base 15.
1e6988
What is 42026306 (base 7) in base 2?
1101011111011001100011
Convert -10022210 (base 4) to base 3.
-212101212
What is -110101111110001000011 (base 2) in base 6?
-101523323
32511135 (base 7) to base 10
2792781
Convert -108904 (base 10) to base 8.
-324550
Convert c5548 (base 15) to base 4.
2120232200
95967 (base 13) to base 16
41d48
What is 31091e (base 15) in base 16?
2390b4
Convert 13511362 (base 7) to base 5.
310412320
What is 10001110100100110111011 (base 2) in base 9?
8710614
What is -4965556 (base 11) in base 7?
-133234613
What is -1103a4 (base 11) in base 10?
-176169
What is -11001101011001110111000 (base 2) in base 10?
-6730680
What is -3613365 (base 8) in base 10?
-988917
What is 11231 (base 12) in base 16?
5905
-403141430 (base 5) to base 2
-110001010010110001000
-4016122 (base 7) to base 12
-1aab54
What is 338814 (base 9) in base 12?
997b7
3522c5 (base 13) to base 8
4640011
-51c7b2 (base 16) to base 11
-3030778
What is 2111121 (base 6) in base 4?
121003321
234150 (base 6) to base 16
4f92
What is 101100010011101101 (base 2) in base 16?
2c4ed
What is -33101003 (base 4) in base 3?
-10011202222
What is 1b2616 (base 13) in base 12?
2939a3
Convert -c2b16 (base 14) to base 16.
-726b0
Convert -27a917 (base 11) to base 5.
-103022011
What is -2132213420 (base 5) in base 8?
-21335404
Convert 11564605 (base 8) to base 2.
1001101110100110000101
-10121210110221 (base 3) to base 15
-280524
-16a59 (base 11) to base 4
-11311131
Convert -100460 (base 11) to base 16.
-27741
What is -806e5 (base 15) in base 3?
-202122200222
3081775 (base 10) to base 15
40d1ba
-58a72 (base 16) to base 7
-3041444
Convert 7400301 (base 10) to base 12.
258a6b9
Convert 10111011000010010100 (base 2) to base 14.
15d296
What is -8215413 (base 10) in base 2?
-11111010101101101110101
-10342303 (base 5) to base 2
-10110000011011000
What is -734389 (base 11) in base 12?
-489208
What is 8fbe (base 16) in base 4?
20332332
Convert 38c97 (base 13) to base 11.
72219
What is -205c5c (base 13) in base 12?
-305390
-41232414 (base 5) to base 7
-2601240
Convert 3abed (base 15) to base 2.
101101111110100011
Convert 100231302033 (base 4) to base 16.
42dc8f
Convert -5b0a04 (base 12) to base 2.
-101100111110010100100
-7362 (base 10) to base 16
-1cc2
Convert c9725 (base 16) to base 9.
1486765
What is -45a0a (base 12) in base 10?
-93034
Convert -4355445 (base 6) to base 7.
-1564436
-113012110210 (base 4) to base 14
-b389c8
Convert -152603 (base 11) to base 8.
-720117
Convert -312212133012 (base 4) to base 7.
-232443033
Convert -244784 (base 10) to base 15.
-4c7de
What is 1111010011110010001 (base 2) in base 7?
4156351
Convert -a835613 (base 11) to base 7.
-320652626
What is 8737a1 (base 14) in base 4?
101132132001
What is 243696 (base 12) in base 10?
586770
Convert bac997 (base 13) to base 14.
8269d8
What is -1010000001110001011011 (base 2) in base 11?
-1535a87
What is -10021202002 (base 3) in base 14?
-19810
Convert -433424 (base 5) to base 8.
-35020
-17661450 (base 8) to base 9
-7731374
Convert 2023002102 (base 4) to base 11.
359959
What is -133103100 (base 4) in base 9?
-214773
Convert -76278 (base 14) to base 8.
-1056262
What is 1002100010200 (base 3) in base 16?
8cfbb
What is 35873 (base 11) in base 14?
14b58
3c0a05 (base 13) to base 6
51131230
Convert -11277124 (base 8) to base 6.
-124355444
Convert -1bbe7 (base 16) to base 10.
-113639
-214401112 (base 5) to base 9
-1673838
Convert -482585 (base 9) to base 16.
-46f40
Convert -c6464 (base 16) to base 10.
-812132
520097 (base 11) to base 4
3023301103
What is -10301003331 (base 4) in base 9?
-2314030
-7465 (base 14) to base 8
-47161
-3155040 (base 6) to base 4
-211323000
Convert 1231243422 (base 5) to base 3.
12122002110112
Convert -b1636c (base 13) to base 12.
-1470083
What is -40537342 (base 9) in base 7?
-324224630
What is 10122001000200 (base 3) in base 6?
105205413
Convert 44a91 (base 14) to base 10.
166727
Convert -45130103 (base 7) to base 2.
-1110111001101110101111
What is 2623669 (base 10) in base 3?
11221021222221
What is 1100c1 (base 14) in base 8?
2145631
What is -809017 (base 10) in base 7?
-6606436
Convert -3707743 (base 8) to base 12.
-412257
What is -333203033 (base 4) in base 9?
-436055
What is -18263135 (base 9) in base 5?
-4323204021
-1011001110111010001 (base 2) to base 4
-1121313101
Convert 140314221 (base 5) to base 8.
2561726
-5124756 (base 8) to base 15
-1bb3b7
Convert 1126899 (base 10) to base 14.
21496b
367112 (base 12) to base 11
553599
1401122334 (base 5) to base 12
1226341
What is 10000110111010101 (base 2) in base 14?
1b261
a8a56 (base 13) to base 10
304947
What is -2001212110121 (base 3) in base 14?
-208a80
Convert -284288 (base 9) to base 13.
-6110c
Convert -139529 (base 12) to base 4.
-1033322301
Convert -1b0197 (base 12) to base 11.
-2a6577
What is 654503 (base 7) in base 14?
2da03
What is -76939 (base 12) in base 3?
-21222011200
Convert -13421794 (base 10) to base 5.
-11413444134
What is 54883 (base 9) in base 15?
abe9
146a716 (base 13) to base 16
634817
Convert -2145212 (base 7) to base 4.
-1000111223
What is 6117937 (base 10) in base 3?
102111211020021
What is d9d6d6 (base 15) in base 4?
213210130332
What is 3032233302 (base 4) in base 3?
1121000122020
What is -27421641 (base 9) in base 7?
-223026202
Convert 10011012112 (base 3) to base 10.
62114
-2081062 (base 9) to base 16
-1107fb
What is -349a7b (base 12) in base 3?
-1121000012212
4102424 (base 5) to base 4
100013011
413333041 (base 5) to base 4
12132311022
What is -3aa06 (base 12) in base 15?
-18ea9
-168c7c (base 14) to base 7
-6511115
Convert 12cc7 (base 14) to base 7.
252240
What is -130251 (base 10) in base 4?
-133303023
Convert 130608 (base 11) to base 15.
40e3d
Convert -379750 (base 16) to base 10.
-3643216
Convert 4102531 (base 6) to base 9.
326471
Convert -2100211334 (base 5) to base 9.
-8078837
Convert 4025826 (base 9) to base 2.
1000001011001111100011
Convert -20202101222 (base 3) to base 7.
-1062452
11213201411 (base 5) to base 9
25682118
Convert -23300102220 (base 4) to base 15.
-40d009
What is 5950191 (base 11) in base 9?
21471560
1236622 (base 7) to base 10
160834
Convert -22011000122 (base 3) to base 16.
-2728d
-502363 (base 8) to base 11
-103058
d0e6 (base 16) to base 11
371a7
What is -b6833c (base 16) in base 4?
-231220030330
What is -11421425 (base 6) in base 15?
-71ce5
Convert -53389 (base 14) to base 5.
-22413041
Convert -640418 (base 12) to base 15.
-2121c2
Convert 3183ea (base 16) to base 7.
36403512
-121100011210011 (base 3) to base 14
-1220878
What is 143363425 (base 7) in base 4?
210021331213
Convert 1111405 (base 7) to base 6.
2540041
-211010201002 (base 3) to base 9
-733632
What is 1a983a8 (base 11) in base 9?
6562312
What is -371652 (base 11) in base 3?
-1002212020200
Convert 3241163 (base 8) to base 6.
30343015
Convert -13120255 (base 6) to base 10.
-430379
What is -5a12a65 (base 12) in base 4?
-1002202301231
-a4799 (base 14) to base 12
-171657
Convert -95d71 (base 16) to base 12.
-257215
102230121 (base 5) to base 15
87641
What is 100200201012 (base 3) in base 9?
320635
-217c3 (base 13) to base 3
-10002012201
What is 1734839 (base 10) in base 6?
101103355
What is -42133332 (base 6) in base 5?
-303203441
Convert -1034105330 (base 6) to base 16.
-a99296
What is 1111101010100 (base 2) in base 5?
224040
What is 5562a5 (base 12) in base 10?
1358621
What is 2203103043 (base 5) in base 11?
2746720
What is 99605 (base 13) in base 2?
1000011110101010001
What is 100300012213 (base 4) in base 13?
ba9a30
Convert -10b4b18 (b